{"id":1591,"date":"2024-10-10T10:35:13","date_gmt":"2024-10-10T08:35:13","guid":{"rendered":"https:\/\/pasnikowski.com\/?page_id=1591"},"modified":"2025-10-29T14:07:01","modified_gmt":"2025-10-29T13:07:01","slug":"projekty-ue","status":"publish","type":"page","link":"https:\/\/pasnikowski.com\/index.php\/projekty-ue\/","title":{"rendered":"Projekty UE"},"content":{"rendered":"<p>[et_pb_section fb_built=&#8221;1&#8243; _builder_version=&#8221;4.18.0&#8243; _module_preset=&#8221;default&#8221; custom_margin=&#8221;80px||||false|false&#8221; custom_padding=&#8221;0px||0px||true|false&#8221; locked=&#8221;off&#8221; global_colors_info=&#8221;{}&#8221;][et_pb_row _builder_version=&#8221;4.18.0&#8243; _module_preset=&#8221;default&#8221; custom_padding=&#8221;0px||0px||true|false&#8221; global_colors_info=&#8221;{}&#8221;][et_pb_column type=&#8221;4_4&#8243; _builder_version=&#8221;4.18.0&#8243; _module_preset=&#8221;default&#8221; animation_style=&#8221;slide&#8221; animation_direction=&#8221;right&#8221; animation_intensity_slide=&#8221;20%&#8221; global_colors_info=&#8221;{}&#8221;][et_pb_text _builder_version=&#8221;4.27.0&#8243; _module_preset=&#8221;default&#8221; header_font=&#8221;|600|||||||&#8221; header_font_size=&#8221;40px&#8221; header_2_font=&#8221;|600||on|||||&#8221; header_2_text_color=&#8221;gcid-6e01f133-9ec3-435a-b9ca-22f7d399f2a8&#8243; header_2_font_size=&#8221;19px&#8221; custom_margin=&#8221;0px||0px||true|false&#8221; custom_padding=&#8221;0px||0px|20px|true|false&#8221; custom_padding_tablet=&#8221;0px||0px|0px|true|false&#8221; custom_padding_phone=&#8221;0px||0px|0px|true|false&#8221; custom_padding_last_edited=&#8221;on|tablet&#8221; header_text_align_tablet=&#8221;center&#8221; header_text_align_phone=&#8221;center&#8221; header_text_align_last_edited=&#8221;on|tablet&#8221; header_font_size_tablet=&#8221;45px&#8221; header_font_size_phone=&#8221;30px&#8221; header_font_size_last_edited=&#8221;on|phone&#8221; header_2_text_align_tablet=&#8221;center&#8221; header_2_text_align_phone=&#8221;center&#8221; header_2_text_align_last_edited=&#8221;on|tablet&#8221; border_width_left=&#8221;2px&#8221; border_color_left=&#8221;gcid-6e01f133-9ec3-435a-b9ca-22f7d399f2a8&#8243; border_width_left_tablet=&#8221;0px&#8221; border_width_left_phone=&#8221;0px&#8221; border_width_left_last_edited=&#8221;on|tablet&#8221; locked=&#8221;off&#8221; global_colors_info=&#8221;{%22gcid-6e01f133-9ec3-435a-b9ca-22f7d399f2a8%22:%91%22header_2_text_color%22,%22border_color_left%22%93}&#8221;]<\/p>\n<h2>\/\/ Proekty UE<\/h2>\n<p>[\/et_pb_text][\/et_pb_column][\/et_pb_row][\/et_pb_section][et_pb_section fb_built=&#8221;1&#8243; _builder_version=&#8221;4.18.0&#8243; _module_preset=&#8221;default&#8221; custom_margin=&#8221;80px||||false|false&#8221; custom_padding=&#8221;0px||0px||true|false&#8221; locked=&#8221;off&#8221; global_colors_info=&#8221;{}&#8221;][et_pb_row _builder_version=&#8221;4.27.0&#8243; _module_preset=&#8221;default&#8221; global_colors_info=&#8221;{}&#8221;][et_pb_column type=&#8221;4_4&#8243; _builder_version=&#8221;4.27.0&#8243; _module_preset=&#8221;default&#8221; global_colors_info=&#8221;{}&#8221;][et_pb_image src=&#8221;https:\/\/pasnikowski.com\/wp-content\/uploads\/2025\/09\/logopas.png&#8221; title_text=&#8221;logopas&#8221; align=&#8221;center&#8221; _builder_version=&#8221;4.27.0&#8243; _module_preset=&#8221;default&#8221; width=&#8221;900px&#8221; max_width=&#8221;900px&#8221; module_alignment=&#8221;center&#8221; global_colors_info=&#8221;{}&#8221;][\/et_pb_image][et_pb_text _builder_version=&#8221;4.27.0&#8243; _module_preset=&#8221;default&#8221; hover_enabled=&#8221;0&#8243; locked=&#8221;off&#8221; global_colors_info=&#8221;{}&#8221; sticky_enabled=&#8221;0&#8243;]<\/p>\n<p>KAMIENIARSTWO &#8211; PA\u015aNIKOWSKI SP.\u00a0 Z O. O.\u00a0 realizuje projekt \u201eAudyt wzorniczy, strategia wzornicza oraz wdro\u017cenie w przedsi\u0119biorstwie poprzez wykorzystanie procesu wzorniczego innowacji produktowej w postaci nowych produkt\u00f3w: personalizowanych wzor\u00f3w tablic do nisz kolumbari\u00f3w wraz z konfiguratorem i modu\u0142em steruj\u0105cym posiadan\u0105 maszyn\u0105\u201d.<\/p>\n<p>W ramach projektu przeprowadzony zostanie pe\u0142en proces projektowy nowych p\u0142yt, opracowane zostanie oprogramowanie systemu oraz nowy j\u0119zyk komunikacji. Projekt skierowany jest do przede wszystkim domy pogrzebowe w kraju i za granic\u0105. Celem projektu jest umocnienie pozycji firmy na rynku poprzez dywersyfikacj\u0119 przychod\u00f3w, pozyskanie nowych odbiorc\u00f3w oraz budowanie rozpoznawalno\u015bci marki jako innowacyjnej, proaktywnej firmy. W ramach projektu musz\u0105 powsta\u0107 \u201ebazowe\u201d wzory tablic oraz elementy standardowe do umieszczania na nich. Poza tym, na tablicy mog\u0105 powstawa\u0107 elementy personalizowane. Kluczowe znaczenie dla powodzenia ca\u0142ego projektu ma konfigurator.<\/p>\n<p>#FunduszeUE<br \/>#FunduszeEuropejskie<\/p>\n<p>warto\u015b\u0107 projektu (ca\u0142kowity koszt projektu) : \u00a0\u00a0\u00a0\u00a0 1029750.00<\/p>\n<p>wysoko\u015b\u0107 wk\u0142adu Funduszy Europejskich: 661786.58<\/p>\n<p>[\/et_pb_text][et_pb_image src=&#8221;https:\/\/pasnikowski.com\/wp-content\/uploads\/2024\/10\/logaue2.jpg&#8221; title_text=&#8221;logaue2&#8243; align=&#8221;center&#8221; _builder_version=&#8221;4.27.0&#8243; _module_preset=&#8221;default&#8221; width=&#8221;900px&#8221; max_width=&#8221;900px&#8221; module_alignment=&#8221;center&#8221; locked=&#8221;off&#8221; global_colors_info=&#8221;{}&#8221;][\/et_pb_image][et_pb_text _builder_version=&#8221;4.27.0&#8243; _module_preset=&#8221;default&#8221; global_colors_info=&#8221;{}&#8221;]<\/p>\n<p>\u00a0<em>Firma &#8222;Kamieniarstwo Pa\u015bnikowski&#8221; Sp. z o.o. realizuje projekt \u201eOpracowanie modelu biznesowego GOZ-transformacji dla przedsi\u0119biorstwa KAMIENIARSTWO PA\u015aNIKOWSKI\u201d. G\u0142\u00f3wnym celem projektu jest przygotowanie modelu biznesowego, kt\u00f3ry umo\u017cliwi firmie transformacj\u0119 w kierunku gospodarki o obiegu zamkni\u0119tym (GOZ). Projekt zak\u0142ada zakup us\u0142ug doradczych oraz przeprowadzenie szczeg\u00f3\u0142owej analizy dzia\u0142alno\u015bci firmy pod k\u0105tem jej potencja\u0142u do wdro\u017cenia rozwi\u0105za\u0144 GOZ.<\/em><\/p>\n<p><em>W ramach projektu zostanie zrealizowany audyt, kt\u00f3ry obejmie:<\/em><\/p>\n<ul>\n<li>analiz\u0119 proces\u00f3w biznesowych,<\/li>\n<li>ocen\u0119 przep\u0142yw\u00f3w materia\u0142owych i technologicznych,<\/li>\n<li>badanie oddzia\u0142ywania na \u015brodowisko,<\/li>\n<li>analiz\u0119 struktury organizacyjnej oraz modelu finansowego.<\/li>\n<\/ul>\n<p>Zesp\u00f3\u0142 realizuj\u0105cy projekt, sk\u0142adaj\u0105cy si\u0119 z trzech os\u00f3b, b\u0119dzie prowadzi\u0142 wywiady z Zarz\u0105dem firmy, kluczowymi pracownikami oraz analizowa\u0142 dokumentacj\u0119 przedsi\u0119biorstwa. Na podstawie zebranych danych i analizy technologii zostan\u0105 opracowane rekomendacje dotycz\u0105ce zmian w dzia\u0142alno\u015bci operacyjnej firmy, z uwzgl\u0119dnieniem nowych technologii i inwestycji wspieraj\u0105cych GOZ.<\/p>\n<p>Efektem projektu b\u0119dzie opracowanie zintegrowanego modelu biznesowego, kt\u00f3ry pozwoli na wprowadzenie zr\u00f3wnowa\u017conych rozwi\u0105za\u0144 w dzia\u0142alno\u015bci firmy, z korzy\u015bci\u0105 zar\u00f3wno dla \u015brodowiska, jak i spo\u0142eczno\u015bci lokalnej.<\/p>\n<p>Data rozpocz\u0119cia projektu: 1 lipca 2024 Data zako\u0144czenia projektu: 30 listopada 2024 #FunduszeUE\u00a0\u00a0\u00a0 #FunduszeEuropejskie<\/p>\n<p>Warto\u015b\u0107 projektu: 82\u00a0781,00 z\u0142<\/p>\n<p>Wysoko\u015b\u0107 wk\u0142adu z Funduszy Europejskich: 82 781,00 z\u0142<\/p>\n<p>[\/et_pb_text][et_pb_divider _builder_version=&#8221;4.27.0&#8243; _module_preset=&#8221;default&#8221; global_colors_info=&#8221;{}&#8221;][\/et_pb_divider][et_pb_image src=&#8221;https:\/\/pasnikowski.com\/wp-content\/uploads\/2024\/10\/logaue2a.jpg&#8221; title_text=&#8221;logaue2a&#8221; align=&#8221;center&#8221; _builder_version=&#8221;4.27.0&#8243; _module_preset=&#8221;default&#8221; global_colors_info=&#8221;{}&#8221;][\/et_pb_image][et_pb_text _builder_version=&#8221;4.27.0&#8243; _module_preset=&#8221;default&#8221; global_colors_info=&#8221;{}&#8221;]<\/p>\n<p>Regionalny Program Operacyjny Wojew\u00f3dztwa Warmi\u0144sko-Mazurskiego na lata 2014-2020<\/p>\n<p>Priorytet 1. Inteligentna gospodarka Warmii i Mazur<\/p>\n<p>Dzia\u0142anie 1.3 Przedsi\u0119biorczo\u015b\u0107 (Wsparcie przedsi\u0119biorczo\u015bci)<\/p>\n<p>Poddzia\u0142anie 1.3.4 Tereny inwestycyjne<\/p>\n<p>Tytu\u0142 projektu: \u201ePrzygotowanie terenu inwestycyjnego na potrzeby przedsi\u0119biorstwa KAMIENIARSTWO &#8211; PA\u015aNIKOWSKI\u201d<\/p>\n<p>Cele projektu: Stworzenie lepszych warunk\u00f3w dla rozwoju i wzmocnienie pozycji konkurencyjnej przedsi\u0119biorstwa.<\/p>\n<p>Efekty projektu: Kompleksowe uporz\u0105dkowanie, przygotowanie i uzbrojenie terenu inwestycyjnego o pow. 2,6825 ha, pod<\/p>\n<p>potrzeby rozwojowe przedsi\u0119biorstwa KAMIENIARSTWO PA\u015aNIKOWSKI..<\/p>\n<p>Warto\u015b\u0107 projektu: 5 754 081.52z\u0142<\/p>\n<p>Wk\u0142ad Funduszy Europejskich: 3\u00a0078 846.05 z\u0142<\/p>\n<p>[\/et_pb_text][et_pb_divider _builder_version=&#8221;4.27.0&#8243; _module_preset=&#8221;default&#8221; global_colors_info=&#8221;{}&#8221;][\/et_pb_divider][et_pb_image src=&#8221;https:\/\/pasnikowski.com\/wp-content\/uploads\/2024\/10\/logaue2a.jpg&#8221; title_text=&#8221;logaue2a&#8221; align=&#8221;center&#8221; _builder_version=&#8221;4.27.0&#8243; _module_preset=&#8221;default&#8221; locked=&#8221;off&#8221; global_colors_info=&#8221;{}&#8221;][\/et_pb_image][et_pb_text _builder_version=&#8221;4.27.0&#8243; _module_preset=&#8221;default&#8221; global_colors_info=&#8221;{}&#8221;]<\/p>\n<p>Regionalny Program Operacyjny Wojew\u00f3dztwa Warmi\u0144sko-Mazurskiego na lata 2014-2020<\/p>\n<p>Priorytet 1. Inteligentna gospodarka Warmii i Mazur<\/p>\n<p>Dzia\u0142anie 1.4 Nowe modele biznesowe i ekspansja<\/p>\n<p>Poddzia\u0142anie 1.4.4 Internacjonalizacja M\u015aP<\/p>\n<p>Tytu\u0142 projektu: Internacjonalizacja dzia\u0142alno\u015bci przedsi\u0119biorstwa KAMIENIARSTWO PA\u015aNIKOWSKI<\/p>\n<p>Cele projektu: Uzyskanie zdolno\u015bci do dzia\u0142alno\u015bci operacyjnej zwi\u0105zanej z produkcj\u0105 i wprowadzeniem na rynki Unii Europejskiej produktu w postaci kamiennych blat\u00f3w meblowych.<\/p>\n<p>Efekty projektu: Internacjonalizacja dzia\u0142alno\u015bci.<\/p>\n<p>Warto\u015b\u0107 projektu: 2\u00a0214\u00a0000,00 z\u0142<\/p>\n<p>Wk\u0142ad Funduszy Europejskich: 1\u00a0079\u00a0820,00 z\u0142<\/p>\n<p>[\/et_pb_text][et_pb_divider _builder_version=&#8221;4.27.0&#8243; _module_preset=&#8221;default&#8221; global_colors_info=&#8221;{}&#8221;][\/et_pb_divider][et_pb_image src=&#8221;https:\/\/pasnikowski.com\/wp-content\/uploads\/2024\/10\/logaue2a.jpg&#8221; title_text=&#8221;logaue2a&#8221; align=&#8221;center&#8221; _builder_version=&#8221;4.27.0&#8243; _module_preset=&#8221;default&#8221; locked=&#8221;off&#8221; global_colors_info=&#8221;{}&#8221;][\/et_pb_image][et_pb_text _builder_version=&#8221;4.27.0&#8243; _module_preset=&#8221;default&#8221; global_colors_info=&#8221;{}&#8221;]<\/p>\n<p>Regionalny Program Operacyjny Wojew\u00f3dztwa Warmi\u0144sko-Mazurskiego na lata 2014-2020<\/p>\n<p>Priorytet 1. Inteligentna gospodarka Warmii i Mazur<\/p>\n<p>Dzia\u0142anie 1.4 Nowe modele biznesowe i ekspansja<\/p>\n<p>Poddzia\u0142anie 1.4.3 Technologie informacyjno-komunikacyjne w dzia\u0142alno\u015bci M\u015aP<\/p>\n<p>Tytu\u0142 projektu: Informatyzacja dzia\u0142alno\u015bci przedsi\u0119biorstwa KAMIENIARSTWO PA\u015aNIKOWSKI<\/p>\n<p>Cele projektu: Podniesienie sprawno\u015bci organizacyjnej, efektywno\u015bci zarz\u0105dzania dzia\u0142alno\u015bci\u0105 i jako\u015bci proces\u00f3w biznesowych, w szczeg\u00f3lno\u015bci produkcyjnych.<\/p>\n<p>Efekty projektu: Zwi\u0119kszenie zastosowania technologii informacyjno- komunikacyjnych.<\/p>\n<p>Warto\u015b\u0107 projektu: 747\u00a0717,00 z\u0142<\/p>\n<p>Wk\u0142ad Funduszy Europejskich: 363\u00a0479,41 z\u0142<\/p>\n<p>[\/et_pb_text][et_pb_divider _builder_version=&#8221;4.27.0&#8243; _module_preset=&#8221;default&#8221; global_colors_info=&#8221;{}&#8221;][\/et_pb_divider][et_pb_image src=&#8221;https:\/\/pasnikowski.com\/wp-content\/uploads\/2024\/10\/logaue2a.jpg&#8221; title_text=&#8221;logaue2a&#8221; align=&#8221;center&#8221; _builder_version=&#8221;4.27.0&#8243; _module_preset=&#8221;default&#8221; locked=&#8221;off&#8221; global_colors_info=&#8221;{}&#8221;][\/et_pb_image][et_pb_text _builder_version=&#8221;4.27.0&#8243; _module_preset=&#8221;default&#8221; global_colors_info=&#8221;{}&#8221;]<\/p>\n<p>Regionalny Program Operacyjny Wojew\u00f3dztwa Warmi\u0144sko-Mazurskiego na lata 2014-2020<\/p>\n<p>Priorytet 1. Inteligentna gospodarka Warmii i Mazur<\/p>\n<p>Dzia\u0142anie 1.5 Nowoczesne firmy<\/p>\n<p>Poddzia\u0142anie 1.5.2 Odtwarzanie gospodarczego dziedzictwa regionu<\/p>\n<p>Tytu\u0142 projektu: Odtwarzanie dziedzictwa gospodarczego w przedsi\u0119biorstwie KAMIENIARSTWO PA\u015aNIKOWSKI<\/p>\n<p>Cele projektu: Rozw\u00f3j dzia\u0142alno\u015bci produkcyjnej w oparciu o p\u0142yty i ok\u0142adziny z kamienia polnego.<\/p>\n<p>Efekty projektu: Wdro\u017cenie do dzia\u0142alno\u015bci gospodarczej innowacji zwi\u0105zanej z procesami technologicznymi w produkcji p\u0142yt i ok\u0142adzin z kamienia polnego.<\/p>\n<p>Warto\u015b\u0107 projektu: 3\u00a0690 000,00 z\u0142<\/p>\n<p>Wk\u0142ad Funduszy Europejskich: 1\u00a0799\u00a0700,00 z\u0142<\/p>\n<p>[\/et_pb_text][et_pb_divider _builder_version=&#8221;4.27.0&#8243; _module_preset=&#8221;default&#8221; global_colors_info=&#8221;{}&#8221;][\/et_pb_divider][et_pb_image src=&#8221;https:\/\/pasnikowski.com\/wp-content\/uploads\/2024\/10\/logaue2a.jpg&#8221; title_text=&#8221;logaue2a&#8221; align=&#8221;center&#8221; _builder_version=&#8221;4.27.0&#8243; _module_preset=&#8221;default&#8221; locked=&#8221;off&#8221; global_colors_info=&#8221;{}&#8221;][\/et_pb_image][et_pb_text _builder_version=&#8221;4.27.0&#8243; _module_preset=&#8221;default&#8221; global_colors_info=&#8221;{}&#8221;]<\/p>\n<p>Regionalny Program Operacyjny Wojew\u00f3dztwa Warmi\u0144sko-Mazurskiego na lata 2014-2020<\/p>\n<p>Priorytet 1. Inteligentna gospodarka Warmii i Mazur<\/p>\n<p>Dzia\u0142anie 1.5 Nowoczesne firmy<\/p>\n<p>Poddzia\u0142anie 1.5.2 Odtwarzanie gospodarczego dziedzictwa regionu<\/p>\n<p>Tytu\u0142 projektu: Odtwarzanie dziedzictwa gospodarczego regionu w przedsi\u0119biorstwie KAMIENIARSTWO \u2013 PA\u015aNIKOWSKI<\/p>\n<p>Cele projektu: Wprowadzenie na rynek nowej oferty produktowej \u2013 p\u0142yta kamienna izolowana termicznie.<\/p>\n<p>Efekty projektu: Utworzenie infrastruktury i umaszynowienie w zakresie umo\u017cliwiaj\u0105cym wdro\u017cenie technologii produkcji ww. wyrobu.<\/p>\n<p>Warto\u015b\u0107 projektu: 4\u00a0562\u00a0480,14 z\u0142<\/p>\n<p>Wk\u0142ad Funduszy Europejskich: 1\u00a0679 700,00 z\u0142<\/p>\n<p>[\/et_pb_text][\/et_pb_column][\/et_pb_row][\/et_pb_section][et_pb_section fb_built=&#8221;1&#8243; _builder_version=&#8221;4.18.0&#8243; _module_preset=&#8221;default&#8221; custom_margin=&#8221;80px||||false|false&#8221; custom_padding=&#8221;0px||0px||true|false&#8221; locked=&#8221;off&#8221; global_colors_info=&#8221;{}&#8221;][\/et_pb_section]<\/p>\n","protected":false},"excerpt":{"rendered":"<p>\/\/ Proekty UEKAMIENIARSTWO &#8211; PA\u015aNIKOWSKI SP.\u00a0 Z O. O.\u00a0 realizuje projekt \u201eAudyt wzorniczy, strategia wzornicza oraz wdro\u017cenie w przedsi\u0119biorstwie poprzez wykorzystanie procesu wzorniczego innowacji produktowej w postaci nowych produkt\u00f3w: personalizowanych wzor\u00f3w tablic do nisz kolumbari\u00f3w wraz z konfiguratorem i modu\u0142em steruj\u0105cym posiadan\u0105 maszyn\u0105\u201d. W ramach projektu przeprowadzony zostanie pe\u0142en proces projektowy nowych p\u0142yt, opracowane zostanie [&hellip;]<\/p>\n","protected":false},"author":1,"featured_media":0,"parent":0,"menu_order":0,"comment_status":"closed","ping_status":"closed","template":"","meta":{"_et_pb_use_builder":"on","_et_pb_old_content":"","_et_gb_content_width":"","footnotes":""},"class_list":["post-1591","page","type-page","status-publish","hentry"],"yoast_head":"<!-- This site is optimized with the Yoast SEO plugin v23.0 - https:\/\/yoast.com\/wordpress\/plugins\/seo\/ -->\n<title>Projekty UE - Kamieniarstwo Pa\u015bnikowski<\/title>\n<meta name=\"robots\" content=\"index, follow, max-snippet:-1, max-image-preview:large, max-video-preview:-1\" \/>\n<link rel=\"canonical\" href=\"https:\/\/pasnikowski.com\/index.php\/projekty-ue\/\" \/>\n<meta property=\"og:locale\" content=\"pl_PL\" \/>\n<meta property=\"og:type\" content=\"article\" \/>\n<meta property=\"og:title\" content=\"Projekty UE - Kamieniarstwo Pa\u015bnikowski\" \/>\n<meta property=\"og:description\" content=\"\/\/ Proekty UEKAMIENIARSTWO - PA\u015aNIKOWSKI SP.\u00a0 Z O. O.\u00a0 realizuje projekt \u201eAudyt wzorniczy, strategia wzornicza oraz wdro\u017cenie w przedsi\u0119biorstwie poprzez wykorzystanie procesu wzorniczego innowacji produktowej w postaci nowych produkt\u00f3w: personalizowanych wzor\u00f3w tablic do nisz kolumbari\u00f3w wraz z konfiguratorem i modu\u0142em steruj\u0105cym posiadan\u0105 maszyn\u0105\u201d. W ramach projektu przeprowadzony zostanie pe\u0142en proces projektowy nowych p\u0142yt, opracowane zostanie [&hellip;]\" \/>\n<meta property=\"og:url\" content=\"https:\/\/pasnikowski.com\/index.php\/projekty-ue\/\" \/>\n<meta property=\"og:site_name\" content=\"Kamieniarstwo Pa\u015bnikowski\" \/>\n<meta property=\"article:modified_time\" content=\"2025-10-29T13:07:01+00:00\" \/>\n<meta name=\"twitter:card\" content=\"summary_large_image\" \/>\n<meta name=\"twitter:label1\" content=\"Szacowany czas czytania\" \/>\n\t<meta name=\"twitter:data1\" content=\"2 minuty\" \/>\n<script type=\"application\/ld+json\" class=\"yoast-schema-graph\">{\"@context\":\"https:\/\/schema.org\",\"@graph\":[{\"@type\":\"WebPage\",\"@id\":\"https:\/\/pasnikowski.com\/index.php\/projekty-ue\/\",\"url\":\"https:\/\/pasnikowski.com\/index.php\/projekty-ue\/\",\"name\":\"Projekty UE - Kamieniarstwo Pa\u015bnikowski\",\"isPartOf\":{\"@id\":\"https:\/\/pasnikowski.com\/#website\"},\"datePublished\":\"2024-10-10T08:35:13+00:00\",\"dateModified\":\"2025-10-29T13:07:01+00:00\",\"breadcrumb\":{\"@id\":\"https:\/\/pasnikowski.com\/index.php\/projekty-ue\/#breadcrumb\"},\"inLanguage\":\"pl-PL\",\"potentialAction\":[{\"@type\":\"ReadAction\",\"target\":[\"https:\/\/pasnikowski.com\/index.php\/projekty-ue\/\"]}]},{\"@type\":\"BreadcrumbList\",\"@id\":\"https:\/\/pasnikowski.com\/index.php\/projekty-ue\/#breadcrumb\",\"itemListElement\":[{\"@type\":\"ListItem\",\"position\":1,\"name\":\"Home\",\"item\":\"https:\/\/pasnikowski.com\/\"},{\"@type\":\"ListItem\",\"position\":2,\"name\":\"Projekty UE\"}]},{\"@type\":\"WebSite\",\"@id\":\"https:\/\/pasnikowski.com\/#website\",\"url\":\"https:\/\/pasnikowski.com\/\",\"name\":\"Kamieniarstwo Pa\u015bnikowski\",\"description\":\"Nagrobki, parapety. schody, blaty\",\"potentialAction\":[{\"@type\":\"SearchAction\",\"target\":{\"@type\":\"EntryPoint\",\"urlTemplate\":\"https:\/\/pasnikowski.com\/?s={search_term_string}\"},\"query-input\":\"required name=search_term_string\"}],\"inLanguage\":\"pl-PL\"}]}<\/script>\n<!-- \/ Yoast SEO plugin. -->","yoast_head_json":{"title":"Projekty UE - Kamieniarstwo Pa\u015bnikowski","robots":{"index":"index","follow":"follow","max-snippet":"max-snippet:-1","max-image-preview":"max-image-preview:large","max-video-preview":"max-video-preview:-1"},"canonical":"https:\/\/pasnikowski.com\/index.php\/projekty-ue\/","og_locale":"pl_PL","og_type":"article","og_title":"Projekty UE - Kamieniarstwo Pa\u015bnikowski","og_description":"\/\/ Proekty UEKAMIENIARSTWO - PA\u015aNIKOWSKI SP.\u00a0 Z O. O.\u00a0 realizuje projekt \u201eAudyt wzorniczy, strategia wzornicza oraz wdro\u017cenie w przedsi\u0119biorstwie poprzez wykorzystanie procesu wzorniczego innowacji produktowej w postaci nowych produkt\u00f3w: personalizowanych wzor\u00f3w tablic do nisz kolumbari\u00f3w wraz z konfiguratorem i modu\u0142em steruj\u0105cym posiadan\u0105 maszyn\u0105\u201d. W ramach projektu przeprowadzony zostanie pe\u0142en proces projektowy nowych p\u0142yt, opracowane zostanie [&hellip;]","og_url":"https:\/\/pasnikowski.com\/index.php\/projekty-ue\/","og_site_name":"Kamieniarstwo Pa\u015bnikowski","article_modified_time":"2025-10-29T13:07:01+00:00","twitter_card":"summary_large_image","twitter_misc":{"Szacowany czas czytania":"2 minuty"},"schema":{"@context":"https:\/\/schema.org","@graph":[{"@type":"WebPage","@id":"https:\/\/pasnikowski.com\/index.php\/projekty-ue\/","url":"https:\/\/pasnikowski.com\/index.php\/projekty-ue\/","name":"Projekty UE - Kamieniarstwo Pa\u015bnikowski","isPartOf":{"@id":"https:\/\/pasnikowski.com\/#website"},"datePublished":"2024-10-10T08:35:13+00:00","dateModified":"2025-10-29T13:07:01+00:00","breadcrumb":{"@id":"https:\/\/pasnikowski.com\/index.php\/projekty-ue\/#breadcrumb"},"inLanguage":"pl-PL","potentialAction":[{"@type":"ReadAction","target":["https:\/\/pasnikowski.com\/index.php\/projekty-ue\/"]}]},{"@type":"BreadcrumbList","@id":"https:\/\/pasnikowski.com\/index.php\/projekty-ue\/#breadcrumb","itemListElement":[{"@type":"ListItem","position":1,"name":"Home","item":"https:\/\/pasnikowski.com\/"},{"@type":"ListItem","position":2,"name":"Projekty UE"}]},{"@type":"WebSite","@id":"https:\/\/pasnikowski.com\/#website","url":"https:\/\/pasnikowski.com\/","name":"Kamieniarstwo Pa\u015bnikowski","description":"Nagrobki, parapety. schody, blaty","potentialAction":[{"@type":"SearchAction","target":{"@type":"EntryPoint","urlTemplate":"https:\/\/pasnikowski.com\/?s={search_term_string}"},"query-input":"required name=search_term_string"}],"inLanguage":"pl-PL"}]}},"_links":{"self":[{"href":"https:\/\/pasnikowski.com\/index.php\/wp-json\/wp\/v2\/pages\/1591","targetHints":{"allow":["GET"]}}],"collection":[{"href":"https:\/\/pasnikowski.com\/index.php\/wp-json\/wp\/v2\/pages"}],"about":[{"href":"https:\/\/pasnikowski.com\/index.php\/wp-json\/wp\/v2\/types\/page"}],"author":[{"embeddable":true,"href":"https:\/\/pasnikowski.com\/index.php\/wp-json\/wp\/v2\/users\/1"}],"replies":[{"embeddable":true,"href":"https:\/\/pasnikowski.com\/index.php\/wp-json\/wp\/v2\/comments?post=1591"}],"version-history":[{"count":8,"href":"https:\/\/pasnikowski.com\/index.php\/wp-json\/wp\/v2\/pages\/1591\/revisions"}],"predecessor-version":[{"id":1709,"href":"https:\/\/pasnikowski.com\/index.php\/wp-json\/wp\/v2\/pages\/1591\/revisions\/1709"}],"wp:attachment":[{"href":"https:\/\/pasnikowski.com\/index.php\/wp-json\/wp\/v2\/media?parent=1591"}],"curies":[{"name":"wp","href":"https:\/\/api.w.org\/{rel}","templated":true}]}}